161140612 (base 7) to base 11
-61410a0
aa9a96 (base 13) to base 14
7690bc
What is 9d47bd (base 14) in base 3?
101001221000210
What is 7958285 (base 11) in base 6?
1214355530
Convert 11010001101101110 (base 2) to base 8.
321556
Convert 11210110021 (base 4) to base 15.
1dc67a
What is -c55c (base 14) in base 13?
-12618
What is -8a972 (base 16) in base 3?
-1001211200200
Convert -2202212211202 (base 3) to base 7.
-15346103
What is -8459 (base 15) in base 6?
-333320
-1003028 (base 11) to base 14
-343116
What is -2222414 (base 6) in base 3?
-12200200201
What is -1727252 (base 8) in base 16?
-7aeaa
Convert -324202 (base 6) to base 16.
-68ea
What is -11101021012 (base 3) in base 14?
-235c4
Convert 5d703 (base 14) to base 4.
313330013
-130320 (base 9) to base 11
-54392
What is 35535500 (base 6) in base 2?
100010000101110111100
-2355129 (base 11) to base 8
-17524057
Convert 11bb5 (base 14) to base 9.
65565
Convert 14215c (base 14) to base 8.
2521646
Convert 1122112320 (base 4) to base 13.
cc5c7
What is 41152 (base 9) in base 16?
69dd
What is -221410003 (base 7) in base 5?
-11410121334
Convert 21120100200 (base 3) to base 9.
246320
Convert -1564345 (base 9) to base 5.
-210304002
Convert -31722480 (base 9) to base 12.
-5163223
2141240 (base 5) to base 12
19552
-305660 (base 11) to base 5
-111144400
43c97 (base 16) to base 9
462775
Convert 53d9b6 (base 15) to base 3.
21111221212100
What is 1061453 (base 7) in base 16?
20618
What is 100010000001110000 (base 2) in base 15?
2b46b
1390481 (base 11) to base 8
11066160
What is 582ac (base 14) in base 12?
a4214
3097a7 (base 11) to base 9
835457
Convert 140330 (base 9) to base 13.
2cc3a
-3203242 (base 5) to base 6
-1052004
What is 22442011 (base 5) in base 16?
31804
260200 (base 8) to base 13
320c7
Convert 967c9 (base 13) to base 7.
2210530
What is 3323312131 (base 4) in base 2?
11111011110110011101
Convert 4499259 (base 10) to base 7.
53146242
-782158 (base 10) to base 5
-200012113
Convert 241177c (base 13) to base 16.
aa7412
Convert 4359003 (base 10) to base 6.
233232323
Convert -52a6bb (base 14) to base 2.
-1010101010010011101101
What is d36f5 (base 16) in base 15?
12190c
101001011111101110100 (base 2) to base 3
2120002012110
-231012312 (base 4) to base 12
-8ab06
222001012201 (base 3) to base 8
1751201
What is -20340544 (base 6) in base 10?
-588592
-16911ad (base 15) to base 9
-33775141
Convert -1001111001001010010 (base 2) to base 15.
-660bd
-1221020201210 (base 3) to base 2
-11111011000101001000
-1011102200021 (base 3) to base 11
-392911
-177806 (base 11) to base 16
-42da5
What is -32214141 (base 5) in base 16?
-42a96
What is -232232120 (base 4) in base 13?
-6915b
1b67054 (base 12) to base 7
100543465
101110001100011110101011 (base 2) to base 8
56143653
What is -34703 (base 8) in base 6?
-152243
What is -27303 (base 13) in base 3?
-10201011010
Convert 1038670 (base 15) to base 8.
54107413
Convert 22363 (base 7) to base 2.
1011000110000
3727723 (base 10) to base 12
12b92b7
Convert -162205606 (base 7) to base 16.
-a77eda
What is -252206102 (base 7) in base 11?
-8a92757
-5162215 (base 8) to base 9
-2516205
What is -2101142042 (base 5) in base 7?
-51464036
Convert -676126 (base 9) to base 10.
-404700
What is 158420 (base 9) in base 8?
277354
-2225391 (base 11) to base 12
-1381a74
Convert 768315 (base 14) to base 16.
3d4e9f
What is 34013304 (base 5) in base 4?
1020233202
Convert 133033303133 (base 4) to base 2.
11111001111110011011111
-2002211022011 (base 3) to base 8
-4210452
10022111323 (base 4) to base 16
10a57b
What is 109419 (base 11) in base 7?
1321634
-22201001203 (base 4) to base 7
-32301022
Convert 11235160 (base 8) to base 7.
26511045
Convert 120760 (base 9) to base 3.
10200212000
What is 444b2 (base 13) in base 5?
12430403
bc9919 (base 13) to base 11
2569063
-3025354 (base 6) to base 9
-238207
What is -68093b (base 14) in base 11?
-1aa5797
Convert -100012110121 (base 3) to base 2.
-101100001110001100
1318065 (base 9) to base 13
1c3268
What is -199686 (base 10) in base 14?
-52ab4
18196d (base 16) to base 7
16265405
49c810 (base 14) to base 6
130132050
Convert -340203240 (base 5) to base 6.
-51543034
-6764327 (base 9) to base 10
-3644539
Convert -2112302444 (base 5) to base 15.
-5c369e
Convert -279b4b (base 14) to base 3.
-2120200022112
31370770 (base 8) to base 4
121133013320
1110010010110001101 (base 2) to base 10
468365
-131b68b (base 12) to base 10
-3773195
-c160c (base 13) to base 3
-122120120011
7580584 (base 10) to base 16
73aba8
-111022000001 (base 3) to base 10
-261712
What is 5a2b73 (base 12) in base 3?
2202000010220
Convert -917335 (base 10) to base 12.
-382a47
10313668 (base 10) to base 11
59048a2
-3103200 (base 6) to base 11
-a15a8
What is 831a3 (base 11) in base 12?
5a28b
Convert 57208 (base 12) to base 2.
11100010101101000
What is -10206b1 (base 14) in base 4?
-131001112103
What is 53b18b (base 15) in base 12?
1402a1b
What is 4562136 (base 9) in base 13?
682797
What is 33ba456 (base 13) in base 2?
111100110001011100111010
What is 1d173b4 (base 14) in base 8?
67473642
b334 (base 13) to base 8
60215
-104da (base 16) to base 14
-1a49c
What is -953781 (base 10) in base 4?
-3220312311
Convert -8730564 (base 9) to base 8.
-21676331
What is -119a13d (base 14) in base 12?
-29b0877
What is 1023233320 (base 4) in base 7?
2431363
What is 190122 (base 10) in base 5?
22040442
What is -6130 (base 13) in base 15?
-3e7a
Convert -363504 (base 7) to base 15.
-148c0
-5347a (base 12) to base 9
-176224
What is 151383 (base 12) in base 10?
354771
Convert -2251044 (base 7) to base 15.
-5852c
Convert 1422561 (base 9) to base 4.
2333011111
2505242 (base 6) to base 2
100000100011111010
-2487283 (base 9) to base 13
-386805
22221102101 (base 4) to base 14
528d69
What is -101221202 (base 4) in base 9?
-120142
-b2492 (base 15) to base 5
-121032122
Convert -4cb601 (base 15) to base 10.
-3683476
What is -21110200120 (base 3) in base 2?
-100011111001010110
What is 1c8c3 (base 16) in base 8?
344303
-3204340410 (base 5) to base 3
-110122011101121
3d0349 (base 16) to base 9
7463858
What is -481 (base 15) in base 6?
-4421
What is 30071 (base 13) in base 9?
140585
What is -1000200101 (base 3) in base 8?
-47323
What is -1022221212202 (base 3) in base 14?
-145d11
-367731 (base 12) to base 4
-3113311111
Convert -52681a (base 11) to base 8.
-3157370
What is -493353 (base 11) in base 16?
-be863
What is -73451 (base 10) in base 12?
-3660b
Convert 284791 (base 12) to base 3.
1021010020101
30402731 (base 8) to base 3
110002101002212
Convert -216236 (base 12) to base 10.
-529098
Convert 22016 (base 7) to base 14.
200d
-141103221 (base 5) to base 10
-722311
1015400 (base 7) to base 13
43688
20146112 (base 7) to base 4
12121011131
Convert -23400451 (base 6) to base 16.
-b27ef
What is 4576465 (base 8) in base 16?
12fd35
What is -131411244 (base 5) in base 10?
-653949
Convert -12034431 (base 5) to base 10.
-111866
Convert -500402 (base 9) to base 3.
-120000110002
Convert -3234431210 (base 5) to base 10.
-6952055
15645603 (base 8) to base 12
1269143
-1b3704b (base 12) to base 14
-aacb11
Convert b7582 (base 13) to base 3.
121210100210
What is -1121022012220 (base 3) in base 5?
-204233420
What is 120323112 (base 4) in base 7?
603450
Convert 3ddcab (base 14) to base 7.
24166204
Convert -2082985 (base 10) to base 8.
-7744251
Convert -59b96 (base 12) to base 11.
-82947
Convert 244325 (base 6) to base 2.
101010011011101
What is 212101210221 (base 4) in base 2?
100110010001100100101001
What is -842721 (base 10) in base 6?
-30021253
-210020221 (base 3) to base 13
-7090
-126770 (base 8) to base 13
-1736b
Convert -129161 (base 12) to base 6.
-10321001
Convert 3be3e5 (base 16) to base 2.
1110111110001111100101
Convert -11001101001100011111 (base 2) to base 12.
-34647b
Convert 111000110110000101 (base 2) to base 8.
706605
What is 757843 (base 10) in base 12?
306697
Convert 1301212022 (base 4) to base 9.
778228
Convert 1845788 (base 10) to base 2.
111000010101000011100
Convert 110010100101011 (base 2) to base 5.
1312044
Convert -49a3178 (base 12) to base 7.
-233236304
-23777 (base 14) to base 3
-11101201020
What is 241250 (base 6) in base 15?
6389
Convert -72706 (base 9) to base 13.
-18aa1
What is -772426 (base 12) in base 5?
-441003123
What is 26779